 and r?
32
Suppose 150*f = 156*f. Suppose 16*b - 13*b - 2*g - 170 = f, 3*b - 5*g = 155. What is the highest common factor of 324 and b?
12
Let c be (2 - 3) + 384/2. Let d = c - 273. Let s be (-2)/(-1)*d/(-4). What is the highest common divisor of s and 287?
41
Suppose 25 = 4*w + 5*k, 4*w - 2*k - 47 = -29. Suppose -w*j - 840 = -35*j. Calculate the highest common factor of j and 756.
28
Let k(l) = -6*l + 195. Let b be k(32). Let h be b/(-9)*(0 + -183 + 0). Calculate the greatest common divisor of 244 and h.
61
Let m(o) = 6*o - o - 9*o - o + 12. Let y be m(-1). What is the greatest common factor of 221 and y?
17
Let v be (-228)/(-133)*14 + -4. Let q(r) = r**2 + 7*r - 2. Let b be q(-7). Let f be ((-5)/(-3))/(b/(-6)). Calculate the highest common divisor of v and f.
5
Let s(r) = r**2 - 41*r + 3897. Let k be s(0). What is the highest common factor of k and 18?
9
Suppose 2*b - 14 = 3*f, -5*b + 5*f + 23 + 7 = 0. Suppose o + b*o = 565. Let g = o - 49. What is the highest common factor of g and 48?
16
Let x be 7*-3*1/(-3) + -3. Suppose -59*n + 38 = -57*n. Let u = 13 + n. Calculate the greatest common factor of x and u.
4
Let l(q) = 2717*q**2 + 9*q - 10. Let f be l(1). Calculate the greatest common factor of 291 and f.
97
Suppose 3*m - 222 = 228. Suppose -5*t = -2715 + 2415. What is the greatest common divisor of m and t?
30
Let i be (14/4 + -3)/(3/(-36)). Let d be ((-318)/4)/(2*i/16). What is the highest common factor of 159 and d?
53
Suppose 2*x + 6 = u - 3*u, u - 3*x = 17. Let j be (18/(-21))/(u/(-28)). What is the greatest common factor of j and 33?
3
Let f(s) = 19*s**2 + 2*s + 3. Let a be f(-2). Suppose -11*g = 3*g + 1834. Let j = g + 156. What is the greatest common divisor of a and j?
25
Let s(m) = -25 - 20 + 63 - 10*m + 0*m. Let x be s(-4). Calculate the greatest common factor of 29 and x.
29
Let k = 312 + -56. Suppose 6 = 3*m, 7*q - m - 318 = 6*q. What is the highest common divisor of k and q?
64
Suppose 0 = 639*l - 630*l - 9990. Calculate the highest common factor of l and 30.
30
Suppose 0 = -h - 2*r + 123, r + 18 = 7*r. Calculate the highest common factor of h and 45.
9
Suppose 0 = -2*y - 2*w + 162, 207 = 3*y + 5*w - 36. Let z = -1820 - -1829. What is the greatest common factor of z and y?
9
Suppose 4*b - 2987 = q, -b = 5*q - 281 - 492. Calculate the highest common divisor of b and 204.
68
Suppose -u = -2*u - 6. Let d be (-406)/(-4) + ((-21)/u)/7. Suppose -4*t + d = -18. What is the greatest common factor of t and 12?
6
Suppose -103 = -5*r - 23. Let k = 2749 - 2717. Calculate the highest common factor of k and r.
16
Suppose 4*j = -2*h + 506 - 52, 0 = -2*j + h + 225. Suppose 4*u + 303 = -u + 3*y, -69 = u - 2*y. Let i = u + j. Calculate the highest common factor of 7 and i.
7
Suppose 4*b = b - 225. Let o = b + 78. Suppose 0 = 4*x - 0*x - 24. Calculate the greatest common divisor of x and o.
3
Let h be (-3 + 143)/4 - -4. Let m(o) = -6*o**3 + 0*o**3 - o**3 + 39*o + 46 + 6*o**3 + 18*o**2. Let t be m(20). What is the greatest common factor of t and h?
13
Let l(a) = a + 1. Let v = -22 - -21. Let p(k) = 4*k + 26. Let r(y) = v*p(y) + 10*l(y). Let n be r(9). Calculate the highest common divisor of 38 and n.
38
Let d be -105*((-10)/(-6) - (11 - 9)) - 1. What is the greatest common factor of d and 4097?
17
Let s = 8235 + -7940. Calculate the highest common divisor of 10 and s.
5
Let x be -6 - -6*(-16)/(-12). Let g = 33 - 29. Suppose -5*s + 25 = g*q, q - 3 = 3*s - s. What is the highest common factor of s and x?
1
Suppose 4*q - 299*x - 2678 = -302*x, -3*q = -5*x - 2023. Suppose 0 = -0*w - 4*w + 244. Calculate the highest common factor of w and q.
61
Let l be -654*((-20)/(-45) + (-40)/36). Calculate the highest common factor of l and 1635.
109
Suppose -6*l = 634 + 596. Let g = l + 9. Let f be 22/(g/(-48) + -4). Calculate the highest common divisor of f and 24.
24
Let d = 694 - 1212. Let h = -462 - d. What is the highest common factor of h and 7?
7
Suppose o - 100 = -o. Let j be ((-68)/238)/((-30)/28 + 1). Suppose -5*s + 7*s = -4*r, -10 = s + j*r. Calculate the greatest common divisor of o and s.
10
Let a = 2 + -3. Let q be (4/(-2))/(a + -1). Let j(d) = d**3 - 39*d**2 + 272*d - 11. Let s be j(9). Calculate the greatest common factor of s and q.
1
Suppose 3*o - 447 + 813 = 0. Let w = -110 - o. Let n = 43 - -65. What is the greatest common divisor of n and w?
12
Let f(d) = 15*d**2 - 7*d + 8. Let i be -1 - -1 - (-30)/15. Let h be f(i). Calculate the greatest common factor of 126 and h.
18
Let z(x) = -x**2 + 116*x - 1633. Let f be z(80). Calculate the greatest common factor of 87 and f.
29
Let f be (-27)/18 + 21/6. Let g be (19 - 17)/(f/10). Calculate the greatest common factor of 80 and g.
10
Let y = -297 - -317. Suppose 0 = 5*a - y, -4*f = -9*f - 2*a + 443. Calculate the greatest common factor of f and 203.
29
Suppose 13*l - 2205 = 4646. Suppose 0 = -533*d + l*d + 594. Calculate the greatest common divisor of d and 18.
9
Suppose h = 11*l - 1115 + 126, 0 = -2*l - h + 181. What is the highest common divisor of l and 2320?
10
Let q(n) = 4*n**2 - 5*n + 3. Suppose -6*t + 2*t - 3*y - 94 = 0, y - 86 = 4*t. Let o = t - -18. Let s be q(o). What is the greatest common divisor of s and 29?
29
Suppose -120*v + 118*v + 36 = 0. Let j be ((-40)/(-15) + 4)*3*v. Calculate the greatest common factor of j and 40.
40
Suppose -216 = 3*j + 3*j. Let p = j - -40. Let f be -4*p/(-12)*(-30)/(-8). Calculate the highest common divisor of f and 55.
5
Let i be (3/2)/(9/(-24)). Let h be 90/4 + (-2)/i. Suppose -4*p - 3 = -h. What is the greatest common factor of 35 and p?
5
Let m = -65 + 153. Let y(q) = -q**3 + 2*q**2 + q + 8. Let f be y(0). Calculate the greatest common divisor of f and m.
8
Let u(t) = -t**3 - 24*t**2 - 25*t - 21. Let q = 26 + -49. Let y be u(q). Let o = 204 + -79. What is the highest common factor of y and o?
25
Let f(z) = -295*z - 5250. Let y be f(-28). Calculate the highest common divisor of 630 and y.
70
Let d be ((-5920)/(-144))/(6/27). What is the highest common factor of d and 10?
5
Suppose 253 = 29*h - 6*h. Let p(i) = 1799*i**2 - 2*i - 1. Let c be p(-1). Suppose h*j + c = 20*j. Calculate the greatest common divisor of 20 and j.
20
Let g be 287 - 3 - (27 + -9). Calculate the greatest common divisor of g and 427.
7
Let i be -3*6/(-9) + 174. Let x be 115/345*(235 + -4). Calculate the highest common divisor of i and x.
11
Suppose 0 = -12*l + 35 + 505. Let f = -94 - -166. Calculate the greatest common factor of l and f.
9
Let v = 13 - -15. Suppose -5*z - 2*u + 496 = 385, -5*z + 3*u = -96. Calculate the highest common divisor of v and z.
7
Suppose -3797 = w + 2*i - 14618, -2*w = 5*i - 21638. What is the greatest common divisor of w and 34?
17
Suppose 5*w = 5*n + 85, 0 = 6*w - n - 39 - 38. What is the highest common factor of w and 5556?
12
Suppose -106 - 17 = -w. Suppose -n = -0*n + o - w, 2*o = -10. What is the highest common divisor of n and 192?
64
Suppose t + q = -2*q + 302, -2*t + 586 = -3*q. Let p = 372 - t. What is the greatest common factor of p and 95?
19
Suppose -7*x = 4*x - 6886 + 2464. What is the highest common divisor of 4556 and x?
134
Let g be -9 - (1 - 2) - ((155 - 315) + 136). Let r(t) = -t**2 - 12*t - 3. Let x be r(-6). Let p = 57 - x. Calculate the greatest common divisor of p and g.
8
Let l be (-4)/((-2)/6*2). Let n = -69 + 88. Suppose -6*z - n + 55 = 0. What is the greatest common factor of z and l?
6
Let t = -8391 - -8437. What is the highest common factor of t and 106?
2
Let t(v) = -v**3 + 8*v**2 - 14*v + 1. Suppose 71 = 9*p + 26. Let h be t(p). What is the highest common factor of h and 6?
6
Let p be 8/((-6)/336*-14). Calculate the highest common divisor of p and 184.
8
Suppose -65406 = -20*j + 25714. Calculate the highest common divisor of j and 612.
68
Let w(q) = q**2 - 87*q + 273. Let x be w(84). Let b = -38 - -122. Calculate the greatest common factor of x and b.
21
Let o = -514 - -582. Suppose 0 = 2*t - 2 + 32. Let c = t - -32. Calculate the greatest common factor of o and c.
17
Let d = -20 + 24. Suppose d*t - 9 = 2*x + t, 4*t = 4*x + 16. Let r be 10/(1/((-7)/(-2) + x)). Calculate the greatest common divisor of r and 10.
5
Let l be (3/18 - (-204057)/54) + -5. Calculate the greatest common divisor of 510 and l.
102
Suppose -2*l = -k - 183